hat is the hundred thousands digit of 1487013?
4
What is the hundred thousands digit of 433164?
4
What is the hundreds digit of 8223988?
9
What is the thousands digit of 749829?
9
What is the units digit of 248593?
3
What is the thousands digit of 1695398?
5
What is the hundred thousands digit of 5015878?
0
What is the hundreds digit of 393301?
3
What is the tens digit of 541191?
9
What is the millions digit of 1318095?
1
What is the tens digit of 123898?
9
What is the tens digit of 23670353?
5
What is the thousands digit of 124759?
4
What is the units digit of 44621?
1
What is the thousands digit of 19322983?
2
What is the millions digit of 3659570?
3
What is the thousands digit of 156200?
6
What is the hundred thousands digit of 7227169?
2
What is the ten thousands digit of 75611?
7
What is the hundreds digit of 2855880?
8
What is the hundreds digit of 20790464?
4
What is the units digit of 493252?
2
What is the thousands digit of 7260646?
0
What is the tens digit of 24126651?
5
What is the tens digit of 447526?
2
What is the hundreds digit of 66600?
6
What is the hundred thousands digit of 19904288?
9
What is the units digit of 2199324?
4
What is the millions digit of 2066874?
2
What is the hundred thousands digit of 3176027?
1
What is the ten thousands digit of 403925?
0
What is the tens digit of 343382?
8
What is the units digit of 169101?
1
What is the thousands digit of 20448?
0
What is the hundred thousands digit of 9518115?
5
What is the units digit of 1586742?
2
What is the millions digit of 3035129?
3
What is the thousands digit of 77055?
7
What is the thousands digit of 2508418?
8
What is the thousands digit of 425880?
5
What is the units digit of 366882?
2
What is the units digit of 113162?
2
What is the hundreds digit of 826335?
3
What is the thousands digit of 1161946?
1
What is the hundred thousands digit of 242994?
2
What is the thousands digit of 892228?
2
What is the tens digit of 6846950?
5
What is the thousands digit of 136402?
6
What is the ten thousands digit of 3279802?
7
What is the tens digit of 3749930?
3
What is the thousands digit of 3927303?
7
What is the tens digit of 2316303?
0
What is the thousands digit of 200549?
0
What is the hundreds digit of 83000?
0
What is the ten thousands digit of 1397815?
9
What is the ten thousands digit of 501400?
0
What is the hundreds digit of 513040?
0
What is the thousands digit of 88780?
8
What is the hundred thousands digit of 2675825?
6
What is the ten thousands digit of 5723761?
2
What is the ten thousands digit of 6123639?
2
What is the ten thousands digit of 1059076?
5
What is the ten thousands digit of 879913?
7
What is the hundreds digit of 2047621?
6
What is the units digit of 6496527?
7
What is the hundreds digit of 1690620?
6
What is the tens digit of 76603?
0
What is the hundreds digit of 17419400?
4
What is the units digit of 489705?
5
What is the ten thousands digit of 3767680?
6
What is the units digit of 3492675?
5
What is the hundred thousands digit of 4544547?
5
What is the ten thousands digit of 4264199?
6
What is the ten thousands digit of 1785665?
8
What is the ten thousands digit of 215744?
1
What is the units digit of 767352?
2
What is the units digit of 175663?
3
What is the thousands digit of 1104908?
4
What is the ten thousands digit of 23074828?
7
What is the hundred thousands digit of 829005?
8
What is the hundred thousands digit of 103719?
1
What is the ten thousands digit of 509404?
0
What is the units digit of 959737?
7
What is the hundreds digit of 2884728?
7
What is the tens digit of 212884?
8
What is the millions digit of 1317687?
1
What is the hundreds digit of 934612?
6
What is the thousands digit of 282219?
2
What is the ten thousands digit of 274634?
7
What is the millions digit of 7882910?
7
What is the tens digit of 336430?
3
What is the tens digit of 242489?
8
What is the thousands digit of 2756906?
6
What is the hundreds digit of 881757?
7
What is the hundred thousands digit of 390544?
3
What is the units digit of 631889?
9
What is the ten thousands digit of 266007?
6
What is the hundreds digit of 2063100?
1
What is the ten thousands digit of 506380?
0
What is the thousands digit of 2543984?
3
What is the millions digit of 4156119?
4
What is the units digit of 926062?
2
What is the hundred thousands digit of 128372?
1
What is the hundreds digit of 157118?
1
What is the millions digit of 3118568?
3
What is the thousands digit of 7328442?
8
What is the hundreds digit of 4620598?
5
What is the millions digit of 4909336?
4
What is the thousands digit of 14412848?
2
What is the hundreds digit of 736493?
4
What is the hundreds digit of 725605?
6
What is the ten thousands digit of 42527?
4
What is the hundred thousands digit of 4126786?
1
What is the tens digit of 1437388?
8
What is the ten thousands digit of 2771330?
7
What is the thousands digit of 35447109?
7
What is the ten thousands digit of 3449476?
4
What is the millions digit of 10470870?
0
What is the ten thousands digit of 24220963?
2
What is the tens digit of 993207?
0
What is the hundreds digit of 906628?
6
What is the tens digit of 12261025?
2
What is the thousands digit of 669120?
9
What is the tens digit of 807255?
5
What is the hundred thousands digit of 168493?
1
What is the ten thousands digit of 265909?
6
What is the units digit of 2703119?
9
What is the thousands digit of 383527?
3
What is the units digit of 2922365?
5
What is the hundred thousands digit of 564089?
5
What is the tens digit of 214171?
7
What is the units digit of 11273509?
9
What is the thousands digit of 2575458?
5
What is the thousands digit of 161628?
1
What is the tens digit of 4666247?
4
What is the thousands digit of 1470391?
0
What is the tens digit of 587298?
9
What is the ten thousands digit of 242039?
4
What is the thousands digit of 9443735?
3
What is the hundreds digit of 88961?
9
What is the thousands digit of 554744?
4
What is the hundreds digit of 257250?
2
What is the thousands digit of 2768226?
8
What is the tens digit of 1302255?
5
What is the hundred thousands digit of 295100?
2
What is the hundreds digit of 178575?
5
What is the tens digit of 208936?
3
What is the thousands digit of 539122?
9
What is the tens digit of 20413954?
5
What is the millions digit of 1897031?
1
What is the thousands digit of 1374316?
4
What is the units digit of 3071574?
4
What is the hundreds digit of 409003?
0
What is the tens digit of 3789525?
2
What is the units digit of 157390?
0
What is the millions digit of 9003474?
9
What is the hundred thousands digit of 118710?
1
What is the hundred thousands digit of 160896?
1
What is the hundreds digit of 1463206?
2
What is the tens digit of 69698?
9
What is the millions digit of 1215934?
1
What is the ten thousands digit of 58511?
5
What is the tens digit of 279236?
3
What is the hundreds digit of 1158961?
9
What is the hundreds digit of 1618448?
4
What is the hundred thousands digit of 722651?
7
What is the tens digit of 334290?
9
What is the thousands digit of 697886?
7
What is the hundred thousands digit of 4451327?
4
What is the hundred thousands digit of 1535449?
5
What is the hundred thousands digit of 419993?
4
What is the units digit of 616232?
2
What is the ten millions digit of 11056809?
1
What is the ten thousands digit of 133037?
3
What is the millions digit of 1415783?
1
What is the hundreds digit of 342093?
0
What is the thousands digit of 218439?
8
What is the units digit of 2443668?
8
What is the units digit of 1798067?
7
What is the ten thousands digit of 751476?
5
What is the hundreds digit of 657508?
5
What is the thousands digit of 73195?
3
What is the tens digit of 2581377?
7
What is the hundreds digit of 387479?
4
What is the thousands digit of 928401?
8
What is the tens digit of 575032?
3
What is the hundreds digit of 1855232?
2
What is the units digit of 382677?
7
What is the hundreds digit of 16824965?
9
What is the ten thousands digit of 196577?
9
What is the hundred thousands digit of 28879517?
8
What is the units digit of 6788111?
1
What is the hundred thousands digit of 154400?
1
What is the ten thousands digit of 344210?
4
What is the thousands digit of 235956?
5
What is the tens digit of 8345014?
1
What is the hundred thousands digi